he highest common divisor of 632 and 188336?
632
What is the highest common divisor of 8832 and 1088?
64
What is the greatest common divisor of 60320 and 320?
160
Calculate the highest common factor of 33155 and 190.
95
Calculate the highest common divisor of 3484 and 603.
67
Calculate the greatest common factor of 200200 and 24.
8
What is the highest common factor of 137128 and 122?
122
Calculate the greatest common divisor of 4455 and 44.
11
What is the highest common divisor of 56496 and 24816?
528
Calculate the greatest common divisor of 1033673 and 419.
419
Calculate the greatest common divisor of 480 and 25728.
96
Calculate the highest common divisor of 5822 and 21730.
82
Calculate the greatest common factor of 343 and 7588.
7
Calculate the greatest common factor of 222 and 92907.
111
Calculate the highest common divisor of 184 and 3208.
8
What is the greatest common factor of 60020 and 20?
20
What is the greatest common divisor of 24606 and 72?
18
Calculate the highest common divisor of 36557 and 278.
139
Calculate the highest common divisor of 1002 and 78.
6
What is the highest common factor of 142035 and 795?
15
Calculate the highest common divisor of 53394 and 40854.
66
Calculate the highest common divisor of 123904 and 99.
11
Calculate the highest common factor of 38110 and 2960.
370
What is the greatest common factor of 61 and 13237?
61
What is the highest common divisor of 1000 and 39625?
125
Calculate the greatest common factor of 44940 and 9600.
60
Calculate the highest common divisor of 7178 and 86654.
74
Calculate the greatest common factor of 25863 and 333.
111
What is the highest common factor of 2213696 and 192?
64
What is the greatest common factor of 178 and 8277?
89
What is the greatest common factor of 17513 and 1494?
83
Calculate the greatest common divisor of 29 and 40571.
29
What is the highest common factor of 25668 and 460?
92
What is the greatest common factor of 903 and 112?
7
Calculate the highest common factor of 5720 and 2405.
65
Calculate the highest common factor of 208870 and 10.
10
Calculate the highest common factor of 21846 and 10560.
66
Calculate the greatest common divisor of 681511 and 133.
19
What is the highest common divisor of 6784 and 1280?
128
What is the highest common factor of 132 and 2948?
44
What is the greatest common factor of 22459 and 1184?
37
Calculate the highest common factor of 2188846 and 2442.
814
What is the highest common factor of 728 and 952?
56
Calculate the greatest common factor of 7235 and 682984.
1447
Calculate the highest common divisor of 6171 and 726.
363
What is the greatest common factor of 4277 and 1081?
47
What is the greatest common factor of 4 and 1719?
1
What is the highest common factor of 18326 and 55363?
77
What is the greatest common divisor of 9052524 and 276?
276
Calculate the highest common divisor of 648 and 62406.
18
What is the greatest common divisor of 16100 and 414?
46
Calculate the greatest common divisor of 1622880 and 14.
14
Calculate the highest common divisor of 5322 and 480.
6
Calculate the greatest common factor of 1763 and 5740.
41
What is the highest common factor of 88730 and 1330?
190
What is the greatest common factor of 76630 and 55300?
790
Calculate the greatest common divisor of 528 and 42438.
66
What is the highest common factor of 495 and 126470?
5
Calculate the greatest common factor of 1022 and 358649.
73
What is the greatest common factor of 120 and 772?
4
Calculate the highest common divisor of 63 and 8054109.
63
What is the greatest common divisor of 7661 and 188?
47
What is the highest common divisor of 12291 and 74469?
723
Calculate the greatest common factor of 51066 and 36.
18
Calculate the highest common factor of 11598691 and 26.
13
What is the greatest common factor of 78 and 3138?
6
What is the greatest common factor of 1216 and 7232?
64
What is the greatest common factor of 77 and 35376?
11
Calculate the highest common divisor of 58 and 472729.
29
What is the highest common factor of 1536 and 18651648?
1536
What is the greatest common factor of 7854 and 1518?
66
What is the highest common factor of 61937 and 257?
257
Calculate the greatest common divisor of 6576 and 32.
16
What is the highest common divisor of 270 and 569970?
270
Calculate the greatest common divisor of 80 and 16125.
5
Calculate the highest common factor of 34279 and 9877.
581
Calculate the highest common factor of 113226 and 16032.
1002
What is the greatest common divisor of 354 and 183962?
118
What is the highest common factor of 680 and 9770?
10
What is the highest common divisor of 32980 and 1632?
68
What is the greatest common factor of 100499 and 343?
343
Calculate the greatest common factor of 72 and 50472.
72
Calculate the greatest common factor of 12575 and 211763.
503
What is the greatest common divisor of 1178 and 25859?
19
Calculate the greatest common factor of 10486 and 321.
107
What is the greatest common factor of 234 and 1527630?
78
What is the greatest common factor of 682274 and 356?
178
What is the highest common divisor of 70209 and 807?
807
What is the highest common divisor of 169840 and 1080?
40
What is the greatest common factor of 7427 and 623?
7
Calculate the greatest common factor of 1560339 and 55.
11
Calculate the greatest common divisor of 196 and 109172.
196
What is the greatest common factor of 65496 and 360?
24
What is the greatest common factor of 218224 and 736?
368
What is the highest common divisor of 82400 and 1000?
200
What is the greatest common factor of 7279 and 1856?
29
Calculate the highest common divisor of 29113 and 182.
7
Calculate the greatest common factor of 224782 and 36342.
1346
Calculate the greatest common factor of 874801 and 61.
61
What is the highest common factor of 1449724 and 4?
4
What is the greatest common factor of 18012 and 11628?
228
Calculate the highest common factor of 1765 and 115.
5
What is the greatest common divisor of 70092 and 48?
12
What is the highest common divisor of 57 and 366339?
57
Calculate the greatest common factor of 4384 and 33154.
274
What is the greatest common factor of 15104 and 1280?
256
Calculate the highest common divisor of 28712 and 140456.
776
Calculate the highest common factor of 142 and 315382.
142
What is the greatest common factor of 352 and 218912?
32
Calculate the highest common divisor of 757908 and 2664.
1332
Calculate the highest common divisor of 21241 and 99.
11
Calculate the greatest common divisor of 5085 and 5424.
339
What is the highest common factor of 171 and 36803?
19
What is the highest common divisor of 61960 and 3240?
40
What is the greatest common divisor of 55559 and 7?
7
Calculate the highest common factor of 52 and 3965182.
26
Calculate the highest common divisor of 41574 and 8450.
338
What is the highest common factor of 1200 and 8975?
25
What is the highest common factor of 169580 and 20?
20
What is the greatest common divisor of 4589 and 949?
13
Calculate the highest common divisor of 3528 and 91284.
12
What is the greatest common divisor of 531 and 19764?
9
What is the greatest common factor of 4280 and 1227290?
1070
Calculate the highest common divisor of 36252 and 424.
212
What is the highest common divisor of 3147310 and 20?
10
What is the greatest common factor of 4158 and 2478?
42
Calculate the greatest common factor of 270 and 1101.
3
What is the greatest common divisor of 2408 and 84108?
172
What is the highest common factor of 608 and 348?
4
What is the greatest common divisor of 207 and 990?
9
What is the greatest common divisor of 5238 and 1566?
54
What is the greatest common factor of 3270 and 15390?
30
What is the greatest common divisor of 55251 and 18?
9
Calculate the highest common divisor of 101240 and 40.
40
Calculate the highest common divisor of 512146 and 326.
326
What is the highest common divisor of 52 and 2881658?
26
Calculate the highest common factor of 1074412 and 3376.
844
Calculate the greatest common divisor of 315 and 58275.
315
What is the greatest common divisor of 148948 and 184?
92
What is the greatest common factor of 8775 and 897?
39
What is the highest common divisor of 1768 and 48008?
136
Calculate the highest common factor of 330257 and 713.
23
Calculate the greatest common divisor of